6623?
3
What is the hundreds digit of 368067?
0
What is the hundred thousands digit of 1048834?
0
What is the units digit of 2127617?
7
What is the hundreds digit of 4647169?
1
What is the thousands digit of 497499?
7
What is the ten thousands digit of 14642120?
4
What is the units digit of 1783035?
5
What is the hundred thousands digit of 254640?
2
What is the thousands digit of 50305?
0
What is the ten thousands digit of 4759740?
5
What is the tens digit of 59771?
7
What is the thousands digit of 2569817?
9
What is the units digit of 776482?
2
What is the ten thousands digit of 592076?
9
What is the ten thousands digit of 511235?
1
What is the ten thousands digit of 953463?
5
What is the hundreds digit of 884992?
9
What is the ten thousands digit of 4785653?
8
What is the ten thousands digit of 858091?
5
What is the ten thousands digit of 3690143?
9
What is the thousands digit of 4197532?
7
What is the tens digit of 19110?
1
What is the tens digit of 239175?
7
What is the thousands digit of 729746?
9
What is the hundred thousands digit of 206827?
2
What is the hundreds digit of 1323960?
9
What is the tens digit of 7135273?
7
What is the hundred thousands digit of 559279?
5
What is the ten thousands digit of 397038?
9
What is the thousands digit of 29404360?
4
What is the millions digit of 1836629?
1
What is the ten thousands digit of 885176?
8
What is the tens digit of 627791?
9
What is the ten thousands digit of 1304653?
0
What is the hundred thousands digit of 2993931?
9
What is the millions digit of 1617347?
1
What is the ten thousands digit of 747757?
4
What is the units digit of 142116?
6
What is the thousands digit of 13851?
3
What is the hundreds digit of 250200?
2
What is the units digit of 200793?
3
What is the ten thousands digit of 1103233?
0
What is the hundred thousands digit of 601601?
6
What is the hundreds digit of 497047?
0
What is the thousands digit of 938628?
8
What is the millions digit of 12784605?
2
What is the units digit of 2887955?
5
What is the hundred thousands digit of 18063839?
0
What is the hundred thousands digit of 1999287?
9
What is the tens digit of 741337?
3
What is the hundreds digit of 2485958?
9
What is the units digit of 4999275?
5
What is the hundred thousands digit of 10986229?
9
What is the tens digit of 967439?
3
What is the hundreds digit of 126576?
5
What is the thousands digit of 2025275?
5
What is the thousands digit of 1600616?
0
What is the ten thousands digit of 16440?
1
What is the tens digit of 3160877?
7
What is the units digit of 864831?
1
What is the tens digit of 1445511?
1
What is the ten thousands digit of 3073355?
7
What is the ten thousands digit of 12791530?
9
What is the ten thousands digit of 1264250?
6
What is the ten thousands digit of 17969665?
6
What is the millions digit of 4179744?
4
What is the tens digit of 112490?
9
What is the hundred thousands digit of 9614138?
6
What is the ten thousands digit of 235315?
3
What is the ten thousands digit of 2366956?
6
What is the thousands digit of 328936?
8
What is the hundred thousands digit of 713042?
7
What is the units digit of 141648?
8
What is the ten thousands digit of 86838?
8
What is the ten thousands digit of 9062556?
6
What is the hundred thousands digit of 3691518?
6
What is the thousands digit of 598350?
8
What is the tens digit of 43342?
4
What is the thousands digit of 3829494?
9
What is the tens digit of 145045?
4
What is the millions digit of 2141774?
2
What is the ten thousands digit of 68785?
6
What is the ten thousands digit of 242337?
4
What is the ten millions digit of 10886803?
1
What is the units digit of 3140061?
1
What is the thousands digit of 12747866?
7
What is the tens digit of 2040471?
7
What is the hundreds digit of 177257?
2
What is the units digit of 761844?
4
What is the tens digit of 64640?
4
What is the hundreds digit of 2960104?
1
What is the millions digit of 24441864?
4
What is the ten thousands digit of 291622?
9
What is the units digit of 2251830?
0
What is the thousands digit of 6931645?
1
What is the tens digit of 8562490?
9
What is the units digit of 957391?
1
What is the hundreds digit of 6648789?
7
What is the tens digit of 85749?
4
What is the hundreds digit of 1345893?
8
What is the hundred thousands digit of 539981?
5
What is the units digit of 3153730?
0
What is the ten thousands digit of 826604?
2
What is the ten thousands digit of 275889?
7
What is the tens digit of 242881?
8
What is the hundreds digit of 1229494?
4
What is the ten thousands digit of 16517313?
1
What is the millions digit of 1247597?
1
What is the hundred thousands digit of 6776343?
7
What is the hundreds digit of 5942771?
7
What is the hundred thousands digit of 2395045?
3
What is the units digit of 255482?
2
What is the hundred thousands digit of 7472116?
4
What is the millions digit of 16031212?
6
What is the units digit of 2198761?
1
What is the units digit of 63737?
7
What is the hundreds digit of 27020?
0
What is the tens digit of 1638722?
2
What is the thousands digit of 289235?
9
What is the hundreds digit of 330167?
1
What is the hundred thousands digit of 24716245?
7
What is the tens digit of 17377188?
8
What is the tens digit of 2721551?
5
What is the hundred thousands digit of 916953?
9
What is the tens digit of 4011394?
9
What is the ten thousands digit of 131573?
3
What is the tens digit of 2239381?
8
What is the ten thousands digit of 15101831?
0
What is the hundreds digit of 75422?
4
What is the tens digit of 5534432?
3
What is the units digit of 2581417?
7
What is the ten thousands digit of 4261593?
6
What is the thousands digit of 36383622?
3
What is the units digit of 2110?
0
What is the units digit of 1362758?
8
What is the hundreds digit of 3155261?
2
What is the units digit of 184208?
8
What is the ten thousands digit of 31760017?
6
What is the ten thousands digit of 2137372?
3
What is the ten thousands digit of 5901779?
0
What is the tens digit of 235388?
8
What is the hundreds digit of 621041?
0
What is the thousands digit of 238565?
8
What is the hundred thousands digit of 517008?
5
What is the hundreds digit of 1365005?
0
What is the hundreds digit of 32628368?
3
What is the millions digit of 2831652?
2
What is the ten thousands digit of 24763767?
6
What is the thousands digit of 4184?
4
What is the thousands digit of 6115668?
5
What is the ten millions digit of 24601275?
2
What is the tens digit of 6472687?
8
What is the hundred thousands digit of 21175255?
1
What is the hundred thousands digit of 137841?
1
What is the hundred thousands digit of 1068306?
0
What is the units digit of 6099562?
2
What is the ten thousands digit of 582304?
8
What is the units digit of 9737396?
6
What is the thousands digit of 11430282?
0
What is the hundred thousands digit of 1000230?
0
What is the thousands digit of 745033?
5
What is the tens digit of 1405005?
0
What is the thousands digit of 563376?
3
What is the thousands digit of 1474932?
4
What is the ten thousands digit of 234670?
3
What is the hundreds digit of 614630?
6
What is the thousands digit of 828255?
8
What is the tens digit of 152530?
3
What is the thousands digit of 293673?
3
What is the units digit of 8663861?
1
What is the units digit of 277730?
0
What is the ten thousands digit of 13870368?
7
What is the millions digit of 2003110?
2
What is the hundred thousands digit of 519877?
5
What is the tens digit of 8136239?
3
What is the thousands digit of 1683463?
3
What is the tens digit of 7733028?
2
What is the units digit of 33846515?
5
What is the ten thousands digit of 88628?
8
What is the units digit of 20291721?
1
What is the units digit of 347491?
1
What is the hundreds digit of 2034983?
9
What is the thousands digit of 658078?
8
What is the thousands digit of 1255268?
5
What is the thousands digit of 1981380?
1
What is the hundreds digit of 12566730?
7
What is the hundreds digit of 141421?
4
What is the ten thousands digit of 1090781?
9
What is the ten thousands digit of 118791?
1
What is the millions digit of 1192453?
1
What is the hundreds digit of 8899649?
6
What is the hundreds digit of 4392698?
6
What is the ten thousands digit of 758737?
5
What is the millions digit of 3441690?
3
What is the hundreds digit of 344829?
8
What 